{"id":17996,"date":"2024-05-27T08:08:43","date_gmt":"2024-05-27T06:08:43","guid":{"rendered":"https:\/\/kulturnibazar.si\/?post_type=kultbaz_obvestila&#038;p=17996"},"modified":"2024-05-27T08:08:48","modified_gmt":"2024-05-27T06:08:48","slug":"predlog-za-uskladitev-terminologije-na-podrocju-gledaliske-pedagogike","status":"publish","type":"kultbaz_obvestila","link":"https:\/\/kulturnibazar.si\/en\/objave\/predlog-za-uskladitev-terminologije-na-podrocju-gledaliske-pedagogike\/","title":{"rendered":"Predlog za uskladitev terminologije na podro\u010dju gledali\u0161ke pedagogike"},"content":{"rendered":"<div id=\"malinaslov-block_fa75b4610fdda78be24fc76903ae781f\" class=\"slika \">\n\t\t<img decoding=\"async\" src=\"https:\/\/kulturnibazar.si\/wp-content\/uploads\/2024\/05\/Izdelek-brez-naslova-19.jpg\" alt=\"Izdelek brez naslova (19)\" \/>\n\t\n<\/div>\n<style type=\"text\/css\">\n\t#malinaslov-block_fa75b4610fdda78be24fc76903ae781f {\n\t\tmargin: 70px 0;\n\t}\n<\/style>\n\n<div id=\"odstavek-block_4707f191ec192a23b592d006a7f2a2f2\" class=\"odstavek \">\n<p>\n<p>Vabimo vas na okroglo mizo\u00a0PREDLOG ZA USKLADITEV TERMINOLOGIJE NA PODRO\u010cJU GLEDALI\u0160KE PEDAGOGIKE, ki bo v\u00a0<strong>sredo, 5. junija<\/strong>\u00a02024 ob\u00a0<strong>18. uri<\/strong>\u00a0v\u00a0<strong>dvorani v 1. nadstropju Slovenskega gledali\u0161kega in\u0161tituta<\/strong>\u00a0(Mestni trg 17, Ljubljana). Organizatorja dogodka sta Javni sklad Republike Slovenije za kulturne dejavnosti in Slovenski gledali\u0161ki in\u0161titut.<\/p>\n<\/p>\n\n\n<\/div>    \n<style type=\"text\/css\">\n\t#odstavek-block_4707f191ec192a23b592d006a7f2a2f2 {\n        margin: 20px 0;\n\t}\n<\/style>\n\n<div id=\"odstavek-block_752878c0fe6dde7f08472845c843e249\" class=\"odstavek \">\n<p>\n<p>Predlog terminologije bo predstavila\u00a0<strong>dr. Irina Le\u0161nik Jeras<\/strong>\u00a0(Pedago\u0161ka fakulteta Univerze na Primorskem). Strokovno omizje bo\u00a0<strong>moderiral mag. Toma\u017e Lapajne Dekleva<\/strong>\u00a0(Dru\u0161tvo za razvoj gledali\u0161\u010da v izobra\u017eevanju), sodelujo\u010di sogovorniki bodo\u00a0<strong>dr. Ga\u0161per Troha<\/strong>\u00a0(Slovenski gledali\u0161ki in\u0161titut),\u00a0<strong>dr. Bla\u017e Lukan<\/strong>\u00a0(Akademija za gledali\u0161\u010de, radio, film in televizijo Univerze v Ljubljani) in\u00a0<strong>Mojca Dimec-Bogdanovski<\/strong>\u00a0(Srednja vzgojiteljska \u0161ola, gimnazija in umetni\u0161ka gimnazija Ljubljana).<\/p>\n<\/p>\n\n\n<\/div>    \n<style type=\"text\/css\">\n\t#odstavek-block_752878c0fe6dde7f08472845c843e249 {\n        margin: 20px 0;\n\t}\n<\/style>\n\n<div id=\"odstavek-block_b55402ec334c7303cc49afaf838e15b2\" class=\"odstavek \">\n<p>\n<p>Za\u00a0la\u017eje na\u010drtovanje dogodka, vas prosimo, da svojo\u00a0prisotnost potrdite\u00a0do\u00a03. junija 2024\u00a0na\u00a0spletnem obrazcu:<em>\u00a0<\/em><em><a role=\"link\" href=\"https:\/\/forms.gle\/kmSk1DHPMaDqbaaP7\" target=\"_blank\" rel=\"noopener\">https:\/\/forms.gle\/kmSk1DHPMaDqbaaP7<\/a><\/em><\/p>\n<\/p>\n\n\n<\/div>    \n<style type=\"text\/css\">\n\t#odstavek-block_b55402ec334c7303cc49afaf838e15b2 {\n        margin: 20px 0;\n\t}\n<\/style>","protected":false},"excerpt":{"rendered":"","protected":false},"featured_media":17997,"parent":0,"menu_order":0,"template":"","meta":{"_acf_changed":true},"kulturnibazar_vrsta":[3],"kulturnibazar_podrocje":[129],"kulturnibazar_zvrst":[18],"kulturnibazar_lokacija":[19],"class_list":["post-17996","kultbaz_obvestila","type-kultbaz_obvestila","status-publish","has-post-thumbnail","hentry","kulturnibazar_vrsta-dogodki","kulturnibazar_podrocje-gledalisce","kulturnibazar_zvrst-strokovni-dogodek","kulturnibazar_lokacija-osrednjeslovenska"],"acf":[],"_links":{"self":[{"href":"https:\/\/kulturnibazar.si\/en\/wp-json\/wp\/v2\/kultbaz_obvestila\/17996","targetHints":{"allow":["GET"]}}],"collection":[{"href":"https:\/\/kulturnibazar.si\/en\/wp-json\/wp\/v2\/kultbaz_obvestila"}],"about":[{"href":"https:\/\/kulturnibazar.si\/en\/wp-json\/wp\/v2\/types\/kultbaz_obvestila"}],"wp:featuredmedia":[{"embeddable":true,"href":"https:\/\/kulturnibazar.si\/en\/wp-json\/wp\/v2\/media\/17997"}],"wp:attachment":[{"href":"https:\/\/kulturnibazar.si\/en\/wp-json\/wp\/v2\/media?parent=17996"}],"wp:term":[{"taxonomy":"kulturnibazar_vrsta","embeddable":true,"href":"https:\/\/kulturnibazar.si\/en\/wp-json\/wp\/v2\/kulturnibazar_vrsta?post=17996"},{"taxonomy":"kulturnibazar_podrocje","embeddable":true,"href":"https:\/\/kulturnibazar.si\/en\/wp-json\/wp\/v2\/kulturnibazar_podrocje?post=17996"},{"taxonomy":"kulturnibazar_zvrst","embeddable":true,"href":"https:\/\/kulturnibazar.si\/en\/wp-json\/wp\/v2\/kulturnibazar_zvrst?post=17996"},{"taxonomy":"kulturnibazar_lokacija","embeddable":true,"href":"https:\/\/kulturnibazar.si\/en\/wp-json\/wp\/v2\/kulturnibazar_lokacija?post=17996"}],"curies":[{"name":"wp","href":"https:\/\/api.w.org\/{rel}","templated":true}]}}

Predlog za uskladitev terminologije na področju gledališke pedagogike

<div id="malinaslov-block_fa75b4610fdda78be24fc76903ae781f" class="slika ">
		<img decoding="async" src="https://kulturnibazar.si/wp-content/uploads/2024/05/Izdelek-brez-naslova-19.jpg" alt="Izdelek brez naslova (19)" />
	
</div>
<style type="text/css">
	#malinaslov-block_fa75b4610fdda78be24fc76903ae781f {
		margin: 70px 0;
	}
</style>

<div id="odstavek-block_4707f191ec192a23b592d006a7f2a2f2" class="odstavek ">
<p>
<p>Vabimo vas na okroglo mizo PREDLOG ZA USKLADITEV TERMINOLOGIJE NA PODROČJU GLEDALIŠKE PEDAGOGIKE, ki bo v <strong>sredo, 5. junija</strong> 2024 ob <strong>18. uri</strong> v <strong>dvorani v 1. nadstropju Slovenskega gledališkega inštituta</strong> (Mestni trg 17, Ljubljana). Organizatorja dogodka sta Javni sklad Republike Slovenije za kulturne dejavnosti in Slovenski gledališki inštitut.</p>
</p>


</div>    
<style type="text/css">
	#odstavek-block_4707f191ec192a23b592d006a7f2a2f2 {
        margin: 20px 0;
	}
</style>

<div id="odstavek-block_752878c0fe6dde7f08472845c843e249" class="odstavek ">
<p>
<p>Predlog terminologije bo predstavila <strong>dr. Irina Lešnik Jeras</strong> (Pedagoška fakulteta Univerze na Primorskem). Strokovno omizje bo <strong>moderiral mag. Tomaž Lapajne Dekleva</strong> (Društvo za razvoj gledališča v izobraževanju), sodelujoči sogovorniki bodo <strong>dr. Gašper Troha</strong> (Slovenski gledališki inštitut), <strong>dr. Blaž Lukan</strong> (Akademija za gledališče, radio, film in televizijo Univerze v Ljubljani) in <strong>Mojca Dimec-Bogdanovski</strong> (Srednja vzgojiteljska šola, gimnazija in umetniška gimnazija Ljubljana).</p>
</p>


</div>    
<style type="text/css">
	#odstavek-block_752878c0fe6dde7f08472845c843e249 {
        margin: 20px 0;
	}
</style>

<div id="odstavek-block_b55402ec334c7303cc49afaf838e15b2" class="odstavek ">
<p>
<p>Za lažje načrtovanje dogodka, vas prosimo, da svojo prisotnost potrdite do 3. junija 2024 na spletnem obrazcu:<em> </em><em><a role="link" href="https://forms.gle/kmSk1DHPMaDqbaaP7" target="_blank" rel="noopener">https://forms.gle/kmSk1DHPMaDqbaaP7</a></em></p>
</p>


</div>    
<style type="text/css">
	#odstavek-block_b55402ec334c7303cc49afaf838e15b2 {
        margin: 20px 0;
	}
</style>
