{"id":17958,"date":"2024-05-21T13:50:07","date_gmt":"2024-05-21T11:50:07","guid":{"rendered":"https:\/\/kulturnibazar.si\/?post_type=kultbaz_obvestila&#038;p=17958"},"modified":"2024-05-21T13:50:12","modified_gmt":"2024-05-21T11:50:12","slug":"otroski-knjizni-festival-2024","status":"publish","type":"kultbaz_obvestila","link":"https:\/\/kulturnibazar.si\/en\/objave\/otroski-knjizni-festival-2024\/","title":{"rendered":"Otro\u0161ki knji\u017eni festival 2024"},"content":{"rendered":"<div id=\"malinaslov-block_fffafdb774f19b42ade8122acba71d27\" class=\"slika \">\n\t\t<img decoding=\"async\" src=\"https:\/\/kulturnibazar.si\/wp-content\/uploads\/2024\/05\/Izdelek-brez-naslova-17.jpg\" alt=\"Izdelek brez naslova (17)\" \/>\n\t\n<\/div>\n<style type=\"text\/css\">\n\t#malinaslov-block_fffafdb774f19b42ade8122acba71d27 {\n\t\tmargin: 70px 0;\n\t}\n<\/style>\n\n<div id=\"odstavek-block_c96e94fbab0d6005500a9fe7ecc22ea3\" class=\"odstavek \">\n<p>\n<div class=\"x11i5rnm xat24cr x1mh8g0r x1vvkbs xtlvy1s\">Pred za\u010detkom dolgih poletnih po\u010ditnic letos \u017ee deseto leto zapored prihaja Otro\u0161ki knji\u017eni festival, priljubljena enodnevna in brezpla\u010dna knji\u017ena zabava! Tako kot lani bo potekal pod mogo\u010dnimi drevesi v sredi\u0161\u010de prestolnice v parku Sveta Evrope za Cankarjevim domom. Zalo\u017eniki bodo na svojih stojnicah od jutra do ve\u010dera po ugodnih cenah ponujali kakovostno literaturo za otroke in mladino, na odru pa se bodo cel dan vrstile same \u010dudovite re\u010di.<\/div>\n<\/p>\n\n\n<\/div>    \n<style type=\"text\/css\">\n\t#odstavek-block_c96e94fbab0d6005500a9fe7ecc22ea3 {\n        margin: 20px 0;\n\t}\n<\/style>\n\n<div id=\"odstavek-block_cb05d8eff5840e7f658734685759d283\" class=\"odstavek \">\n<p>\n<p>VSTOP NA VSE DOGODKE JE BREZPLA\u010cEN!<br class=\"html-br\" \/>Festival bo potekal tudi v primeru slabega vremena v veliki sprejemni dvorani Cankarjevega doma!<\/p>\n<\/p>\n\n\n<\/div>    \n<style type=\"text\/css\">\n\t#odstavek-block_cb05d8eff5840e7f658734685759d283 {\n        margin: 20px 0;\n\t}\n<\/style>","protected":false},"excerpt":{"rendered":"","protected":false},"featured_media":17959,"parent":0,"menu_order":0,"template":"","meta":{"_acf_changed":true},"kulturnibazar_vrsta":[3],"kulturnibazar_podrocje":[8],"kulturnibazar_zvrst":[274],"kulturnibazar_lokacija":[19],"class_list":["post-17958","kultbaz_obvestila","type-kultbaz_obvestila","status-publish","has-post-thumbnail","hentry","kulturnibazar_vrsta-dogodki","kulturnibazar_podrocje-bralna-kultura","kulturnibazar_zvrst-festival","kulturnibazar_lokacija-osrednjeslovenska"],"acf":[],"_links":{"self":[{"href":"https:\/\/kulturnibazar.si\/en\/wp-json\/wp\/v2\/kultbaz_obvestila\/17958","targetHints":{"allow":["GET"]}}],"collection":[{"href":"https:\/\/kulturnibazar.si\/en\/wp-json\/wp\/v2\/kultbaz_obvestila"}],"about":[{"href":"https:\/\/kulturnibazar.si\/en\/wp-json\/wp\/v2\/types\/kultbaz_obvestila"}],"wp:featuredmedia":[{"embeddable":true,"href":"https:\/\/kulturnibazar.si\/en\/wp-json\/wp\/v2\/media\/17959"}],"wp:attachment":[{"href":"https:\/\/kulturnibazar.si\/en\/wp-json\/wp\/v2\/media?parent=17958"}],"wp:term":[{"taxonomy":"kulturnibazar_vrsta","embeddable":true,"href":"https:\/\/kulturnibazar.si\/en\/wp-json\/wp\/v2\/kulturnibazar_vrsta?post=17958"},{"taxonomy":"kulturnibazar_podrocje","embeddable":true,"href":"https:\/\/kulturnibazar.si\/en\/wp-json\/wp\/v2\/kulturnibazar_podrocje?post=17958"},{"taxonomy":"kulturnibazar_zvrst","embeddable":true,"href":"https:\/\/kulturnibazar.si\/en\/wp-json\/wp\/v2\/kulturnibazar_zvrst?post=17958"},{"taxonomy":"kulturnibazar_lokacija","embeddable":true,"href":"https:\/\/kulturnibazar.si\/en\/wp-json\/wp\/v2\/kulturnibazar_lokacija?post=17958"}],"curies":[{"name":"wp","href":"https:\/\/api.w.org\/{rel}","templated":true}]}}

Otroški knjižni festival 2024

<div id="malinaslov-block_fffafdb774f19b42ade8122acba71d27" class="slika ">
		<img decoding="async" src="https://kulturnibazar.si/wp-content/uploads/2024/05/Izdelek-brez-naslova-17.jpg" alt="Izdelek brez naslova (17)" />
	
</div>
<style type="text/css">
	#malinaslov-block_fffafdb774f19b42ade8122acba71d27 {
		margin: 70px 0;
	}
</style>

<div id="odstavek-block_c96e94fbab0d6005500a9fe7ecc22ea3" class="odstavek ">
<p>
<div class="x11i5rnm xat24cr x1mh8g0r x1vvkbs xtlvy1s">Pred začetkom dolgih poletnih počitnic letos že deseto leto zapored prihaja Otroški knjižni festival, priljubljena enodnevna in brezplačna knjižna zabava! Tako kot lani bo potekal pod mogočnimi drevesi v središče prestolnice v parku Sveta Evrope za Cankarjevim domom. Založniki bodo na svojih stojnicah od jutra do večera po ugodnih cenah ponujali kakovostno literaturo za otroke in mladino, na odru pa se bodo cel dan vrstile same čudovite reči.</div>
</p>


</div>    
<style type="text/css">
	#odstavek-block_c96e94fbab0d6005500a9fe7ecc22ea3 {
        margin: 20px 0;
	}
</style>

<div id="odstavek-block_cb05d8eff5840e7f658734685759d283" class="odstavek ">
<p>
<p>VSTOP NA VSE DOGODKE JE BREZPLAČEN!<br class="html-br" />Festival bo potekal tudi v primeru slabega vremena v veliki sprejemni dvorani Cankarjevega doma!</p>
</p>


</div>    
<style type="text/css">
	#odstavek-block_cb05d8eff5840e7f658734685759d283 {
        margin: 20px 0;
	}
</style>
