{"id":17955,"date":"2024-05-21T13:47:02","date_gmt":"2024-05-21T11:47:02","guid":{"rendered":"https:\/\/kulturnibazar.si\/?post_type=kultbaz_obvestila&#038;p=17955"},"modified":"2024-05-21T13:47:06","modified_gmt":"2024-05-21T11:47:06","slug":"27-slovenski-dnevi-knjige-v-mariboru","status":"publish","type":"kultbaz_obvestila","link":"https:\/\/kulturnibazar.si\/en\/objave\/27-slovenski-dnevi-knjige-v-mariboru\/","title":{"rendered":"27. Slovenski dnevi knjige v Mariboru"},"content":{"rendered":"<div id=\"malinaslov-block_fff58af702c881f61652bcf7cd5ec0cd\" class=\"slika \">\n\t\t<img decoding=\"async\" src=\"https:\/\/kulturnibazar.si\/wp-content\/uploads\/2024\/05\/Izdelek-brez-naslova-16.jpg\" alt=\"Izdelek brez naslova (16)\" \/>\n\t\n<\/div>\n<style type=\"text\/css\">\n\t#malinaslov-block_fff58af702c881f61652bcf7cd5ec0cd {\n\t\tmargin: 70px 0;\n\t}\n<\/style>\n\n<div id=\"odstavek-block_459e5906f8cb3985ad55684dfce4c1ab\" class=\"odstavek \">\n<p>\n<p class=\"\">27. festival Slovenski dnevi knjige v Mariboru bo pod vodilnim sloganom <em>Na pre\u017e<\/em>i potekal od <strong>21. do 25. maja<\/strong> 2024 na razli\u010dnih prizori\u0161\u010dih v Mariboru.<\/p>\n<\/p>\n\n\n<\/div>    \n<style type=\"text\/css\">\n\t#odstavek-block_459e5906f8cb3985ad55684dfce4c1ab {\n        margin: 20px 0;\n\t}\n<\/style>\n\n<div id=\"odstavek-block_57b6943846deee73b84729fe947b3fe6\" class=\"odstavek \">\n<p>\n<p>Letos smo z izbranim sloganom prvi\u010d pod skupnim de\u017enikom z Ljubljano in nekaterimi drugimi partnerskimi kraji. Skupaj z ustvarjalkami in ustvarjalci \u017eelimo izpostaviti, da so v dana\u0161njih spreminjajo\u010dih se \u010dasih budnost, osredoto\u010denost, prisotnost in \u010duje\u010dnost pomembne ve\u0161\u010dine, ki nam pomagajo pri navigaciji skozi na\u0161 burni in velikokrat negotovi vsakdan. Slogan <em>Na pre\u017ei <\/em>se navezuje tudi na literarne ustvarjalke in ustvarjalce, ki s posebno zbranostjo in subtilnostjo spremljajo ter opazujejo svet in dogajanje, da bi ga nato \u010dim bolj izvirno popisali v svojih verzih ali proznih delih.<\/p>\n<\/p>\n\n\n<\/div>    \n<style type=\"text\/css\">\n\t#odstavek-block_57b6943846deee73b84729fe947b3fe6 {\n        margin: 20px 0;\n\t}\n<\/style>","protected":false},"excerpt":{"rendered":"","protected":false},"featured_media":17956,"parent":0,"menu_order":0,"template":"","meta":{"_acf_changed":true},"kulturnibazar_vrsta":[3],"kulturnibazar_podrocje":[8],"kulturnibazar_zvrst":[274],"kulturnibazar_lokacija":[22],"class_list":["post-17955","kultbaz_obvestila","type-kultbaz_obvestila","status-publish","has-post-thumbnail","hentry","kulturnibazar_vrsta-dogodki","kulturnibazar_podrocje-bralna-kultura","kulturnibazar_zvrst-festival","kulturnibazar_lokacija-podravska"],"acf":[],"_links":{"self":[{"href":"https:\/\/kulturnibazar.si\/en\/wp-json\/wp\/v2\/kultbaz_obvestila\/17955","targetHints":{"allow":["GET"]}}],"collection":[{"href":"https:\/\/kulturnibazar.si\/en\/wp-json\/wp\/v2\/kultbaz_obvestila"}],"about":[{"href":"https:\/\/kulturnibazar.si\/en\/wp-json\/wp\/v2\/types\/kultbaz_obvestila"}],"wp:featuredmedia":[{"embeddable":true,"href":"https:\/\/kulturnibazar.si\/en\/wp-json\/wp\/v2\/media\/17956"}],"wp:attachment":[{"href":"https:\/\/kulturnibazar.si\/en\/wp-json\/wp\/v2\/media?parent=17955"}],"wp:term":[{"taxonomy":"kulturnibazar_vrsta","embeddable":true,"href":"https:\/\/kulturnibazar.si\/en\/wp-json\/wp\/v2\/kulturnibazar_vrsta?post=17955"},{"taxonomy":"kulturnibazar_podrocje","embeddable":true,"href":"https:\/\/kulturnibazar.si\/en\/wp-json\/wp\/v2\/kulturnibazar_podrocje?post=17955"},{"taxonomy":"kulturnibazar_zvrst","embeddable":true,"href":"https:\/\/kulturnibazar.si\/en\/wp-json\/wp\/v2\/kulturnibazar_zvrst?post=17955"},{"taxonomy":"kulturnibazar_lokacija","embeddable":true,"href":"https:\/\/kulturnibazar.si\/en\/wp-json\/wp\/v2\/kulturnibazar_lokacija?post=17955"}],"curies":[{"name":"wp","href":"https:\/\/api.w.org\/{rel}","templated":true}]}}

<div id="malinaslov-block_fff58af702c881f61652bcf7cd5ec0cd" class="slika ">
		<img decoding="async" src="https://kulturnibazar.si/wp-content/uploads/2024/05/Izdelek-brez-naslova-16.jpg" alt="Izdelek brez naslova (16)" />
	
</div>
<style type="text/css">
	#malinaslov-block_fff58af702c881f61652bcf7cd5ec0cd {
		margin: 70px 0;
	}
</style>

<div id="odstavek-block_459e5906f8cb3985ad55684dfce4c1ab" class="odstavek ">
<p>
<p class="">27. festival Slovenski dnevi knjige v Mariboru bo pod vodilnim sloganom <em>Na prež</em>i potekal od <strong>21. do 25. maja</strong> 2024 na različnih prizoriščih v Mariboru.</p>
</p>


</div>    
<style type="text/css">
	#odstavek-block_459e5906f8cb3985ad55684dfce4c1ab {
        margin: 20px 0;
	}
</style>

<div id="odstavek-block_57b6943846deee73b84729fe947b3fe6" class="odstavek ">
<p>
<p>Letos smo z izbranim sloganom prvič pod skupnim dežnikom z Ljubljano in nekaterimi drugimi partnerskimi kraji. Skupaj z ustvarjalkami in ustvarjalci želimo izpostaviti, da so v današnjih spreminjajočih se časih budnost, osredotočenost, prisotnost in čuječnost pomembne veščine, ki nam pomagajo pri navigaciji skozi naš burni in velikokrat negotovi vsakdan. Slogan <em>Na preži </em>se navezuje tudi na literarne ustvarjalke in ustvarjalce, ki s posebno zbranostjo in subtilnostjo spremljajo ter opazujejo svet in dogajanje, da bi ga nato čim bolj izvirno popisali v svojih verzih ali proznih delih.</p>
</p>


</div>    
<style type="text/css">
	#odstavek-block_57b6943846deee73b84729fe947b3fe6 {
        margin: 20px 0;
	}
</style>
