{"id":17799,"date":"2024-04-26T09:23:19","date_gmt":"2024-04-26T07:23:19","guid":{"rendered":"https:\/\/kulturnibazar.si\/?post_type=kultbaz_obvestila&#038;p=17799"},"modified":"2024-04-26T09:23:23","modified_gmt":"2024-04-26T07:23:23","slug":"poletna-plesna-sola","status":"publish","type":"kultbaz_obvestila","link":"https:\/\/kulturnibazar.si\/en\/objave\/poletna-plesna-sola\/","title":{"rendered":"Poletna plesna \u0161ola"},"content":{"rendered":"<div id=\"malinaslov-block_8c7e5a0938bc719431ff8511f9ff35b9\" class=\"slika \">\n\t\t<img decoding=\"async\" src=\"https:\/\/kulturnibazar.si\/wp-content\/uploads\/2024\/04\/Izdelek-brez-naslova-12-1.jpg\" alt=\"Izdelek brez naslova (12)\" \/>\n\t\n<\/div>\n<style type=\"text\/css\">\n\t#malinaslov-block_8c7e5a0938bc719431ff8511f9ff35b9 {\n\t\tmargin: 70px 0;\n\t}\n<\/style>\n\n<div id=\"odstavek-block_187a9a8d9361397b05a6035f62883517\" class=\"odstavek \">\n<p>\n<p>Poletna plesna \u0161ola v prvem tednu po\u010ditnic ponuja \u0161tevilne plesne klase in delavnice, ki jih vodijo doma\u010di in tuji plesni strokovnjaki. Program poletne plesne \u0161ole je zasnovan tako, da se vanjo lahko vklju\u010dijo popolni za\u010detniki kot tudi plesalci z bogatim predznanjem. Nabor plesnih vsebin za vse starostne skupine je izjemno raznovrsten. Plesalci se tako lahko seznanijo z osnovami izbrane zvrsti ali nadgradijo svoje znanje. Na njej bodo kot mentorji sodelovali \u0161tevilni priznani plesni strokovnjaki iz Slovenije in tujine. Baletni program je pripravljen v sodelovanju z Vi\u0161jo baletno \u0161olo, ki deluje v okviru Konservatorija za glasbo in balet Ljubljana, raziskovalni ciklus pa z Zavodom NEST.<\/p>\n<\/p>\n\n\n<\/div>    \n<style type=\"text\/css\">\n\t#odstavek-block_187a9a8d9361397b05a6035f62883517 {\n        margin: 20px 0;\n\t}\n<\/style>\n\n<div id=\"odstavek-block_722d3a5469b774aa2720733dc58026ba\" class=\"odstavek \">\n<p>\n<p>S tak\u0161nim izobra\u017eevalnim formatom \u017eelimo ponuditi razli\u010dne plesne vsebine za vse starostne skupine ter povezati plesalce in plesna dru\u0161tva v razgibano mednarodno plesno skupnost.<\/p>\n<\/p>\n\n\n<\/div>    \n<style type=\"text\/css\">\n\t#odstavek-block_722d3a5469b774aa2720733dc58026ba {\n        margin: 20px 0;\n\t}\n<\/style>","protected":false},"excerpt":{"rendered":"","protected":false},"featured_media":17800,"parent":0,"menu_order":0,"template":"","meta":{"_acf_changed":true},"kulturnibazar_vrsta":[3],"kulturnibazar_podrocje":[211],"kulturnibazar_zvrst":[13,133],"kulturnibazar_lokacija":[19],"class_list":["post-17799","kultbaz_obvestila","type-kultbaz_obvestila","status-publish","has-post-thumbnail","hentry","kulturnibazar_vrsta-dogodki","kulturnibazar_podrocje-ples","kulturnibazar_zvrst-delavnica","kulturnibazar_zvrst-projekt","kulturnibazar_lokacija-osrednjeslovenska"],"acf":[],"_links":{"self":[{"href":"https:\/\/kulturnibazar.si\/en\/wp-json\/wp\/v2\/kultbaz_obvestila\/17799","targetHints":{"allow":["GET"]}}],"collection":[{"href":"https:\/\/kulturnibazar.si\/en\/wp-json\/wp\/v2\/kultbaz_obvestila"}],"about":[{"href":"https:\/\/kulturnibazar.si\/en\/wp-json\/wp\/v2\/types\/kultbaz_obvestila"}],"wp:featuredmedia":[{"embeddable":true,"href":"https:\/\/kulturnibazar.si\/en\/wp-json\/wp\/v2\/media\/17800"}],"wp:attachment":[{"href":"https:\/\/kulturnibazar.si\/en\/wp-json\/wp\/v2\/media?parent=17799"}],"wp:term":[{"taxonomy":"kulturnibazar_vrsta","embeddable":true,"href":"https:\/\/kulturnibazar.si\/en\/wp-json\/wp\/v2\/kulturnibazar_vrsta?post=17799"},{"taxonomy":"kulturnibazar_podrocje","embeddable":true,"href":"https:\/\/kulturnibazar.si\/en\/wp-json\/wp\/v2\/kulturnibazar_podrocje?post=17799"},{"taxonomy":"kulturnibazar_zvrst","embeddable":true,"href":"https:\/\/kulturnibazar.si\/en\/wp-json\/wp\/v2\/kulturnibazar_zvrst?post=17799"},{"taxonomy":"kulturnibazar_lokacija","embeddable":true,"href":"https:\/\/kulturnibazar.si\/en\/wp-json\/wp\/v2\/kulturnibazar_lokacija?post=17799"}],"curies":[{"name":"wp","href":"https:\/\/api.w.org\/{rel}","templated":true}]}}

Poletna plesna šola

<div id="malinaslov-block_8c7e5a0938bc719431ff8511f9ff35b9" class="slika ">
		<img decoding="async" src="https://kulturnibazar.si/wp-content/uploads/2024/04/Izdelek-brez-naslova-12-1.jpg" alt="Izdelek brez naslova (12)" />
	
</div>
<style type="text/css">
	#malinaslov-block_8c7e5a0938bc719431ff8511f9ff35b9 {
		margin: 70px 0;
	}
</style>

<div id="odstavek-block_187a9a8d9361397b05a6035f62883517" class="odstavek ">
<p>
<p>Poletna plesna šola v prvem tednu počitnic ponuja številne plesne klase in delavnice, ki jih vodijo domači in tuji plesni strokovnjaki. Program poletne plesne šole je zasnovan tako, da se vanjo lahko vključijo popolni začetniki kot tudi plesalci z bogatim predznanjem. Nabor plesnih vsebin za vse starostne skupine je izjemno raznovrsten. Plesalci se tako lahko seznanijo z osnovami izbrane zvrsti ali nadgradijo svoje znanje. Na njej bodo kot mentorji sodelovali številni priznani plesni strokovnjaki iz Slovenije in tujine. Baletni program je pripravljen v sodelovanju z Višjo baletno šolo, ki deluje v okviru Konservatorija za glasbo in balet Ljubljana, raziskovalni ciklus pa z Zavodom NEST.</p>
</p>


</div>    
<style type="text/css">
	#odstavek-block_187a9a8d9361397b05a6035f62883517 {
        margin: 20px 0;
	}
</style>

<div id="odstavek-block_722d3a5469b774aa2720733dc58026ba" class="odstavek ">
<p>
<p>S takšnim izobraževalnim formatom želimo ponuditi različne plesne vsebine za vse starostne skupine ter povezati plesalce in plesna društva v razgibano mednarodno plesno skupnost.</p>
</p>


</div>    
<style type="text/css">
	#odstavek-block_722d3a5469b774aa2720733dc58026ba {
        margin: 20px 0;
	}
</style>
