{"id":17786,"date":"2024-04-26T08:56:12","date_gmt":"2024-04-26T06:56:12","guid":{"rendered":"https:\/\/kulturnibazar.si\/?post_type=kultbaz_obvestila&#038;p=17786"},"modified":"2024-05-24T09:32:42","modified_gmt":"2024-05-24T07:32:42","slug":"biba-buba-baja-ustvarjanje-za-otroka-socializma","status":"publish","type":"kultbaz_obvestila","link":"https:\/\/kulturnibazar.si\/en\/objave\/biba-buba-baja-ustvarjanje-za-otroka-socializma\/","title":{"rendered":"BIBA BUBA BAJA \u2013 Ustvarjanje (za) otroka socializma"},"content":{"rendered":"<div id=\"malinaslov-block_fe4a8beac8e0039f4f5f5c320acab3de\" class=\"slika \">\n\t\t<img decoding=\"async\" src=\"https:\/\/kulturnibazar.si\/wp-content\/uploads\/2024\/04\/Izdelek-brez-naslova-18-1.jpg\" alt=\"Izdelek brez naslova (18)\" \/>\n\t\n<\/div>\n<style type=\"text\/css\">\n\t#malinaslov-block_fe4a8beac8e0039f4f5f5c320acab3de {\n\t\tmargin: 70px 0;\n\t}\n<\/style>\n\n<div id=\"odstavek-block_101569f6bc608459573e9f0b96cf9aa2\" class=\"odstavek \">\n<p>\n<p>Po grozotah druge svetovne vojne je ideja otro\u0161tva kot posebnega obdobja v \u017eivljenju pomembno dolo\u010dila obnovo in na\u010dine razvoja povojne dru\u017ebe, doma in po svetu. \u00bbStoletje otroka\u00ab je sovpadlo s stoletjem knjige. Knjiga, revija, \u010dasopis in z njimi ilustracija so otroke spremljali skozi odra\u0161\u010danje. Otrok socializma, predvsem v nara\u0161\u010dajo\u010dih mestih, se je po dejavni vklju\u010ditvi v obnovo domovine za\u010del ve\u010d igrati, hoditi v vrtce, \u0161ole, ukvarjal se je s \u0161portom in se kulturno udejstvoval, dobil raz\u0161irjeno pravico do zdravstvenega in socialnega varovanja in skrbi, za\u010del ga je obdarjati dedek Mraz, postal pa je tudi dr\u017eavljan sveta.<\/p>\n<\/p>\n\n\n<\/div>    \n<style type=\"text\/css\">\n\t#odstavek-block_101569f6bc608459573e9f0b96cf9aa2 {\n        margin: 20px 0;\n\t}\n<\/style>\n\n<div id=\"odstavek-block_a26c16e372a2c3e5fbf55a43dca6b89d\" class=\"odstavek \">\n<p>\n<p>Razstava in program Biba buba baja. Ustvarjanje (za) otroka socializma skozi izbor ilustracij, publikacij in medijev ter izbranih pozicij sodobne umetnosti kakor tudi filmski in pedago\u0161ki program predstavi otroka druge polovice 20. stoletja ter izbrane ustvarjalce\u00a0za otroke slovenskega kakor tudi nekdanjega jugoslovanskega prostora.<\/p>\n<\/p>\n\n\n<\/div>    \n<style type=\"text\/css\">\n\t#odstavek-block_a26c16e372a2c3e5fbf55a43dca6b89d {\n        margin: 20px 0;\n\t}\n<\/style>\n\n<div id=\"odstavek-block_2f88a4e1a8eb98cd6f0e5e35f3b5a40d\" class=\"odstavek \">\n<p>\n<p>V<strong>\u00a0soboto, 25. 5., ob 18.00 vabimo na otvoritev\u00a0<\/strong>razstave<strong>\u00a0Biba buba baja. Ustvarjanje (za) otroka socializma<\/strong>. Razstava s programom predstavlja rezultate raziskovalnega projekta in je nastala v sodelovanju In\u0161tituta za kulturne in spominske \u0161tudije ZRC SAZU, Centra ilustracije \/ Vodnikove doma\u010dije, dru\u0161tva Mesto\u00a0\u017eensk in Slovenske kinoteke.<\/p>\n<\/p>\n\n\n<\/div>    \n<style type=\"text\/css\">\n\t#odstavek-block_2f88a4e1a8eb98cd6f0e5e35f3b5a40d {\n        margin: 20px 0;\n\t}\n<\/style>\n\n<div id=\"odstavek-block_4e34b18d4bc78785b780afb1fee86e2d\" class=\"odstavek \">\n<p>\n<p>Projekt je plod sodelovanja In\u0161tituta za kulturne in spominske \u0161tudije ZRC SAZU, Vodnikove doma\u010dije, Centra ilustracije, Dru\u0161tva Mesto \u017eensk in Slovenske kinoteke.<\/p>\n<\/p>\n\n\n<\/div>    \n<style type=\"text\/css\">\n\t#odstavek-block_4e34b18d4bc78785b780afb1fee86e2d {\n        margin: 20px 0;\n\t}\n<\/style>","protected":false},"excerpt":{"rendered":"","protected":false},"featured_media":17994,"parent":0,"menu_order":0,"template":"","meta":{"_acf_changed":true},"kulturnibazar_vrsta":[3],"kulturnibazar_podrocje":[144],"kulturnibazar_zvrst":[13,16],"kulturnibazar_lokacija":[19],"class_list":["post-17786","kultbaz_obvestila","type-kultbaz_obvestila","status-publish","has-post-thumbnail","hentry","kulturnibazar_vrsta-dogodki","kulturnibazar_podrocje-vecpodrocno","kulturnibazar_zvrst-delavnica","kulturnibazar_zvrst-razstava","kulturnibazar_lokacija-osrednjeslovenska"],"acf":[],"_links":{"self":[{"href":"https:\/\/kulturnibazar.si\/en\/wp-json\/wp\/v2\/kultbaz_obvestila\/17786","targetHints":{"allow":["GET"]}}],"collection":[{"href":"https:\/\/kulturnibazar.si\/en\/wp-json\/wp\/v2\/kultbaz_obvestila"}],"about":[{"href":"https:\/\/kulturnibazar.si\/en\/wp-json\/wp\/v2\/types\/kultbaz_obvestila"}],"wp:featuredmedia":[{"embeddable":true,"href":"https:\/\/kulturnibazar.si\/en\/wp-json\/wp\/v2\/media\/17994"}],"wp:attachment":[{"href":"https:\/\/kulturnibazar.si\/en\/wp-json\/wp\/v2\/media?parent=17786"}],"wp:term":[{"taxonomy":"kulturnibazar_vrsta","embeddable":true,"href":"https:\/\/kulturnibazar.si\/en\/wp-json\/wp\/v2\/kulturnibazar_vrsta?post=17786"},{"taxonomy":"kulturnibazar_podrocje","embeddable":true,"href":"https:\/\/kulturnibazar.si\/en\/wp-json\/wp\/v2\/kulturnibazar_podrocje?post=17786"},{"taxonomy":"kulturnibazar_zvrst","embeddable":true,"href":"https:\/\/kulturnibazar.si\/en\/wp-json\/wp\/v2\/kulturnibazar_zvrst?post=17786"},{"taxonomy":"kulturnibazar_lokacija","embeddable":true,"href":"https:\/\/kulturnibazar.si\/en\/wp-json\/wp\/v2\/kulturnibazar_lokacija?post=17786"}],"curies":[{"name":"wp","href":"https:\/\/api.w.org\/{rel}","templated":true}]}}

<div id="malinaslov-block_fe4a8beac8e0039f4f5f5c320acab3de" class="slika ">
		<img decoding="async" src="https://kulturnibazar.si/wp-content/uploads/2024/04/Izdelek-brez-naslova-18-1.jpg" alt="Izdelek brez naslova (18)" />
	
</div>
<style type="text/css">
	#malinaslov-block_fe4a8beac8e0039f4f5f5c320acab3de {
		margin: 70px 0;
	}
</style>

<div id="odstavek-block_101569f6bc608459573e9f0b96cf9aa2" class="odstavek ">
<p>
<p>Po grozotah druge svetovne vojne je ideja otroštva kot posebnega obdobja v življenju pomembno določila obnovo in načine razvoja povojne družbe, doma in po svetu. »Stoletje otroka« je sovpadlo s stoletjem knjige. Knjiga, revija, časopis in z njimi ilustracija so otroke spremljali skozi odraščanje. Otrok socializma, predvsem v naraščajočih mestih, se je po dejavni vključitvi v obnovo domovine začel več igrati, hoditi v vrtce, šole, ukvarjal se je s športom in se kulturno udejstvoval, dobil razširjeno pravico do zdravstvenega in socialnega varovanja in skrbi, začel ga je obdarjati dedek Mraz, postal pa je tudi državljan sveta.</p>
</p>


</div>    
<style type="text/css">
	#odstavek-block_101569f6bc608459573e9f0b96cf9aa2 {
        margin: 20px 0;
	}
</style>

<div id="odstavek-block_a26c16e372a2c3e5fbf55a43dca6b89d" class="odstavek ">
<p>
<p>Razstava in program Biba buba baja. Ustvarjanje (za) otroka socializma skozi izbor ilustracij, publikacij in medijev ter izbranih pozicij sodobne umetnosti kakor tudi filmski in pedagoški program predstavi otroka druge polovice 20. stoletja ter izbrane ustvarjalce za otroke slovenskega kakor tudi nekdanjega jugoslovanskega prostora.</p>
</p>


</div>    
<style type="text/css">
	#odstavek-block_a26c16e372a2c3e5fbf55a43dca6b89d {
        margin: 20px 0;
	}
</style>

<div id="odstavek-block_2f88a4e1a8eb98cd6f0e5e35f3b5a40d" class="odstavek ">
<p>
<p>V<strong> soboto, 25. 5., ob 18.00 vabimo na otvoritev </strong>razstave<strong> Biba buba baja. Ustvarjanje (za) otroka socializma</strong>. Razstava s programom predstavlja rezultate raziskovalnega projekta in je nastala v sodelovanju Inštituta za kulturne in spominske študije ZRC SAZU, Centra ilustracije / Vodnikove domačije, društva Mesto žensk in Slovenske kinoteke.</p>
</p>


</div>    
<style type="text/css">
	#odstavek-block_2f88a4e1a8eb98cd6f0e5e35f3b5a40d {
        margin: 20px 0;
	}
</style>

<div id="odstavek-block_4e34b18d4bc78785b780afb1fee86e2d" class="odstavek ">
<p>
<p>Projekt je plod sodelovanja Inštituta za kulturne in spominske študije ZRC SAZU, Vodnikove domačije, Centra ilustracije, Društva Mesto žensk in Slovenske kinoteke.</p>
</p>


</div>    
<style type="text/css">
	#odstavek-block_4e34b18d4bc78785b780afb1fee86e2d {
        margin: 20px 0;
	}
</style>
